08984073 prime?
False
Is 56156511793 prime?
True
Is 156184281197 prime?
False
Is 2837851171 prime?
True
Is 765768511 prime?
False
Is 65833871 a prime number?
False
Is 509917267 a composite number?
True
Is 1888949759 composite?
False
Is 623033207 a composite number?
False
Is 69787661 a prime number?
False
Is 9698466341 a prime number?
False
Is 15955302773 prime?
True
Is 43046460601 a composite number?
True
Is 65312247001 prime?
False
Is 2359970443 prime?
True
Is 5598319319 a prime number?
False
Is 1071678977 a composite number?
True
Is 4572080189 composite?
False
Is 14640924323 prime?
True
Is 5756352733 a prime number?
True
Is 221804489347 a prime number?
False
Is 30936329 a composite number?
True
Is 4807415407 a prime number?
True
Is 70900581121 composite?
True
Is 19028544415 a prime number?
False
Is 177016857937 prime?
True
Is 321455767 composite?
True
Is 3278285693 a prime number?
True
Is 7740132833 prime?
True
Is 10745109814 a prime number?
False
Is 87585499 prime?
True
Is 12965159 composite?
False
Is 327590071 composite?
False
Is 1456998385 a prime number?
False
Is 197333843019 a prime number?
False
Is 2421955951 a composite number?
True
Is 207602299 composite?
False
Is 23929583443 composite?
True
Is 22933045895 composite?
True
Is 17297074367 a prime number?
True
Is 1009167871 composite?
True
Is 42385854631 composite?
True
Is 1551171931 a prime number?
True
Is 20863571 composite?
True
Is 2459202047 a prime number?
True
Is 10285829861 a prime number?
False
Is 16725281893 composite?
True
Is 23733779 prime?
True
Is 2882673961 a prime number?
False
Is 1131358427 prime?
True
Is 393309919 a prime number?
False
Is 330179287 a prime number?
False
Is 10783753061 a composite number?
False
Is 98264479 composite?
True
Is 128358019 a composite number?
True
Is 213378773 prime?
True
Is 2695883161 a prime number?
False
Is 1560963209 prime?
False
Is 2749630061 a prime number?
False
Is 392303450447 prime?
True
Is 7200182953 a prime number?
True
Is 19180126573 composite?
False
Is 3337034497 composite?
True
Is 3540128353 a composite number?
True
Is 1214684579 a prime number?
False
Is 106944389011 a composite number?
False
Is 12034397477 a composite number?
False
Is 12194847421 a prime number?
True
Is 26670743147 composite?
True
Is 71074279 a prime number?
False
Is 167747145289 prime?
False
Is 12889414301 composite?
True
Is 40380850123 prime?
True
Is 4360073651 prime?
True
Is 206863032485 prime?
False
Is 1940815619 a prime number?
True
Is 87296126561 prime?
False
Is 4897166389 composite?
False
Is 4494229057 a prime number?
False
Is 80400916289 composite?
True
Is 613729507 a composite number?
True
Is 85441493171 a composite number?
False
Is 677849303 composite?
True
Is 270239279 composite?
True
Is 480878831 a composite number?
False
Is 127951128691 a composite number?
False
Is 50365656079 prime?
True
Is 436427219 a composite number?
False
Is 638196811 composite?
True
Is 9370225853 composite?
True
Is 886645051 a composite number?
True
Is 6599489489 a prime number?
True
Is 47307811 prime?
True
Is 10858968677 a composite number?
False
Is 41460346813 prime?
False
Is 1247608847 a prime number?
True
Is 4193513827 prime?
False
Is 593232179 a prime number?
False
Is 3213391151 composite?
True
Is 424046471 composite?
False
Is 1375822249 composite?
True
Is 370998169 a composite number?
False
Is 212400817 prime?
True
Is 477121247 composite?
True
Is 4751515771 a prime number?
True
Is 29487070411 a prime number?
False
Is 15717803 a prime number?
True
Is 18391026949 prime?
True
Is 19059246791 composite?
True
Is 12496951559 prime?
True
Is 40008185759 a prime number?
False
Is 3143884031 a composite number?
False
Is 57115083253 composite?
False
Is 28682424863 composite?
True
Is 24259103637 composite?
True
Is 6492844333 a prime number?
True
Is 12280669981 composite?
False
Is 30040640705 a composite number?
True
Is 8495443 a composite number?
True
Is 4583231027 composite?
False
Is 682225927 composite?
True
Is 3498122723 a prime number?
True
Is 629488213 a prime number?
True
Is 96991184233 a prime number?
True
Is 150131659 prime?
False
Is 671807485 composite?
True
Is 236946872069 a prime number?
False
Is 7429276447 a prime number?
True
Is 3279849137 composite?
False
Is 1475289707 a composite number?
True
Is 372980317 composite?
True
Is 7708839587 composite?
False
Is 1348380889 composite?
False
Is 17337562831 composite?
True
Is 1617435577 a composite number?
False
Is 5244564179 a prime number?
True
Is 157241767 a prime number?
True
Is 105506479159 a prime number?
False
Is 139375149 composite?
True
Is 13871923666 composite?
True
Is 24033611 prime?
False
Is 982251983 a prime number?
True
Is 14946778159 a composite number?
False
Is 627208381 a composite number?
True
Is 33581194421 a prime number?
True
Is 16324181579 a composite number?
False
Is 27006464209 a composite number?
True
Is 10501027063 a prime number?
True
Is 133765732549 prime?
False
Is 6121081357 a composite number?
True
Is 26945489731 a prime number?
True
Is 35183731943 a prime number?
True
Is 14023981493 a prime number?
True
Is 2765094037 a composite number?
True
Is 1204173791 composite?
True
Is 1031193719 prime?
True
Is 1207745197 composite?
True
Is 91540789 composite?
True
Is 32695406479 composite?
False
Is 64750448057 a composite number?
False
Is 24677716051 composite?
False
Is 19650885437 prime?
False
Is 3862107455 prime?
False
Is 1812237409 prime?
True
Is 599422171 a composite number?
True
Is 15900963847 composite?
False
Is 93093172147 a composite number?
True
Is 767285837 prime?
False
Is 1348981593 a prime number?
False
Is 126467399 composite?
False
Is 719917111 a prime number?
True
Is 751767277 a composite number?
True
Is 13829360779 prime?
False
Is 444739957 a composite number?
True
Is 41873386889 prime?
False
Is 6447187319 composite?
False
Is 1200071 a composite number?
True
Is 10169395679 composite?
False
Is 14188417571 a composite number?
True
Is 6553589011 composite?
False
Is 2802761443 composite?
True
Is 3777200143 composite?
False
Is 5711886317 prime?
True
Is 1266100499 a prime number?
False
Is 16631798233 a prime number?
True
Is 135311146307 prime?
True
Is 576765793 a composite number?
True
Is 899076691 prime?
True
Is 391460339 a composite number?
True
Is 4958551867 prime?
True
Is 94945237 a composite number?
False
Is 20340402853 a prime number?
True
Is 15672138998 prime?
False
Is 919180111 composite?
True
Is 5715583327 a prime number?
True
Is 1434291134 composite?
True
Is 2167798361 composite?
True
Is 82376387 composite?
False
Is 2813708782 a composite number?
True
Is 272199157 a composite number?
True
Is 8080986811 composite?
False
Is 297184751 a composite number?
False
Is 9887681843 prime?
False
Is 2748056957 a composite number?
True
Is 15086459279 composite?
False
Is 84389613241 a composite number?
False
Is 6792956309 composite?
True
Is 147441089 a composite number?
False
Is 17448856709 composite?
False
Is 100480540189 composite?
True
Is 1079353295 a composite number?
True
Is 10189685969 a prime number?
True
Is 688187683 a composite number?
True
Is 23386226819 prime?
False
Is 1417987871 a prime number?
False
Is 1283689409 a composite number?
True
Is 10574864191 composite?
True
Is 897417691 prime?
True
Is 1288195121 a composite number?
False
Is 1505713789 a prime number?
True
Is 5309131349 a composite number?
True
Is 38824895371 prime?
False
Is 433563043 a composite number?
False
Is 571793457 a prime number?
False
Is 4222689217 a prime number?
False
Is 139217341 prime?
False
Is 6281689247 a prime number?
False
Is 1045106749 a prime number?
False
Is 71303917 prime?
False
Is 10664880019 a composite number?
True
Is 6395084467 composite?
True
Is 857546347 composite?
True
Is 13146289291 composite?
True
Is 143989019 a prime number?
False
Is 18321867401 a prime number?
True
Is 117213611 composite?
False
Is 19288010051 prime?
False
Is 2399687069 a prime number?
False
Is 2638157663 composite?
True
Is 17364047863 a composite number?
True
Is 103486211 a prime number?
True
Is 992814131 prime?
True
Is 50757384617 a composite number?
False
Is 15484136063 a prime number?
False
Is 15472278865 composite?
True
Is 18032507639 composite?
False
Is 3559047511 composite?
False
Is 6270121387 prime?
True
Is 30131758447 a pr